What is -11000220 (base 3) in base 10?
-2940
What is -11000101011001 (base 2) in base 12?
-7389
What is 359 (base 14) in base 6?
3031
Convert 406 (base 10) to base 5.
3111
What is 24 (base 6) in base 8?
20
270 (base 11) to base 16
13f
Convert -201210 (base 3) to base 9.
-653
-11122002 (base 3) to base 16
-d31
What is -568 (base 9) in base 8?
-723
What is 1043411 (base 5) in base 3?
221112010
12120210 (base 3) to base 10
4071
Convert -136aa (base 11) to base 13.
-8b36
What is 211021221 (base 3) in base 11?
11235
302344 (base 5) to base 8
22774
What is -1468 (base 10) in base 3?
-2000101
What is -1c33 (base 14) in base 12?
-2b85
What is 237173 (base 8) in base 9?
133750
1236 (base 7) to base 12
330
Convert -11110000101 (base 2) to base 4.
-132011
What is -13203 (base 7) in base 13?
-17b8
-1332 (base 14) to base 5
-102001
110111000100011 (base 2) to base 5
1400240
Convert -1cbc (base 13) to base 4.
-1010130
What is 31d6 (base 15) in base 2?
10100100110111
-1755 (base 8) to base 16
-3ed
What is 554 (base 16) in base 7?
3656
Convert 10000100101001100 (base 2) to base 13.
24bb4
12 (base 5) to base 12
7
Convert -10111111100 (base 2) to base 8.
-2774
What is 24456 (base 7) in base 4?
1210023
-101000011011 (base 2) to base 13
-1240
56d (base 15) to base 5
14403
Convert -2b86 (base 14) to base 6.
-55534
What is -1d6a (base 14) in base 9?
-7344
What is -350d (base 15) in base 14?
-4167
What is -2282 (base 9) in base 13?
-a04
What is -1411 (base 8) in base 5?
-11102
Convert -6318 (base 9) to base 15.
-158e
What is -1402 (base 16) in base 3?
-21000201
-1110200112 (base 3) to base 6
-341535
-3758 (base 11) to base 10
-4903
What is -1022122 (base 4) in base 3?
-20112101
9056 (base 15) to base 14
b156
Convert 433644 (base 7) to base 2.
10010100000001010
What is 57c6 (base 13) in base 11?
929a
What is 56042 (base 7) in base 2?
11011100001101
Convert 32434 (base 7) to base 9.
12111
Convert -22213 (base 6) to base 13.
-154b
What is -13315 (base 11) in base 12?
-b005
What is -11000110110001 (base 2) in base 10?
-12721
-40a (base 15) to base 7
-2440
327c (base 16) to base 15
3c69
519 (base 10) to base 9
636
-1169 (base 13) to base 9
-3325
What is -31a (base 13) in base 16?
-212
13be (base 15) to base 12
2545
Convert 2317 (base 11) to base 14.
1175
What is -58 (base 9) in base 10?
-53
What is -201 (base 7) in base 10?
-99
-234222 (base 6) to base 2
-100111110100110
10310 (base 4) to base 10
308
What is -8cfb (base 16) in base 7?
-210136
Convert -14017 (base 8) to base 2.
-1100000001111
Convert 7a93 (base 14) to base 2.
101001100110001
-5096 (base 13) to base 4
-2231210
Convert -12310310 (base 4) to base 9.
-42312
Convert -6600 (base 7) to base 9.
-3203
What is -1441 (base 11) in base 14?
-96c
What is 120022210 (base 3) in base 15?
349c
What is 3546 (base 8) in base 11?
1472
-104011 (base 5) to base 3
-11222111
Convert -8a (base 11) to base 10.
-98
-108a7 (base 11) to base 10
-15726
12613 (base 15) to base 7
333156
What is -13206 (base 7) in base 16?
-dce
1101323 (base 4) to base 9
7165
What is 101001111111 (base 2) in base 12?
167b
Convert 110131 (base 4) to base 15.
5c4
Convert 120241 (base 7) to base 12.
106b4
Convert -30334 (base 8) to base 4.
-3003130
-8e (base 16) to base 15
-97
5411 (base 10) to base 16
1523
Convert -13322 (base 5) to base 12.
-767
Convert c14 (base 13) to base 11.
159a
Convert -10331 (base 4) to base 10.
-317
2551 (base 6) to base 8
1203
1cd8 (base 14) to base 2
1010010100110
Convert 6151 (base 10) to base 7.
23635
What is 15325 (base 8) in base 16?
1ad5
What is 205 (base 8) in base 6?
341
2aa (base 14) to base 2
1000011110
197 (base 13) to base 4
10211
Convert -142a (base 12) to base 3.
-10012121
What is -4332 (base 15) in base 7?
-56315
What is 2208 (base 9) in base 14?
844
What is 2634 (base 8) in base 6?
10352
-1466 (base 8) to base 10
-822
-220011 (base 3) to base 7
-1621
15152 (base 6) to base 14
c68
What is -5d4 (base 14) in base 12?
-812
What is 5aa (base 14) in base 6?
5122
Convert -3102 (base 8) to base 14.
-826
What is -11 (base 6) in base 13?
-7
Convert 154 (base 13) to base 6.
1034
-348b (base 12) to base 16
-16eb
-9321 (base 11) to base 6
-133125
33012 (base 5) to base 9
3077
-3728 (base 14) to base 6
-112344
What is -467 (base 15) in base 8?
-1745
Convert 3202 (base 4) to base 6.
1014
552 (base 8) to base 5
2422
1b4 (base 15) to base 5
3034
-a623 (base 12) to base 7
-103656
What is 47 (base 9) in base 6?
111
What is -202032 (base 4) in base 12?
-1326
653 (base 15) to base 4
112110
42553 (base 6) to base 8
13305
What is -2341 (base 6) in base 15?
-27a
-200131 (base 5) to base 3
-22122000
What is -14b3 (base 14) in base 10?
-3685
-3421 (base 7) to base 13
-745
-16266 (base 13) to base 10
-42165
What is -403002 (base 5) in base 12?
-7551
-111111010101111 (base 2) to base 16
-7eaf
Convert 25366 (base 8) to base 16.
2af6
Convert 212c (base 13) to base 10.
4601
What is -727 (base 9) in base 16?
-250
Convert 3b6 (base 16) to base 7.
2525
355 (base 15) to base 9
1028
What is 398 (base 16) in base 9?
1232
What is -1c31 (base 14) in base 8?
-12023
What is 12267 (base 9) in base 10?
8242
What is -64841 (base 10) in base 2?
-1111110101001001
Convert -100031 (base 4) to base 5.
-13122
-10b6 (base 13) to base 9
-3186
What is 46a (base 13) in base 15?
35e
-9a22 (base 15) to base 11
-22599
55332 (base 6) to base 16
1e08
What is -893 (base 16) in base 6?
-14055
3c8 (base 13) to base 6
3035
Convert 1360 (base 8) to base 4.
23300
Convert -21551 (base 7) to base 16.
-1532
Convert 618 (base 11) to base 14.
3b3
What is 29a (base 12) in base 4?
12112
What is -767 (base 14) in base 2?
-10110110111
Convert -35213 (base 6) to base 7.
-20502
Convert 2320 (base 4) to base 5.
1214
Convert 721 (base 8) to base 11.
393
What is -121052 (base 6) in base 2?
-10100101111000
What is -235144 (base 6) in base 2?
-101000001101000
What is -252042 (base 7) in base 8?
-132377
What is 1720 (base 8) in base 10?
976
Convert 4e0e (base 16) to base 7.
112154
What is -13608 (base 10) in base 13?
-626a
Convert 374 (base 10) to base 3.
111212
Convert -325 (base 6) to base 13.
-98
What is 160 (base 9) in base 15?
90
Convert -38a (base 13) to base 6.
-2513
What is -223443 (base 5) in base 6?
-101010
-85 (base 13) to base 8
-155
Convert 11111101 (base 2) to base 15.
11d
-154 (base 6) to base 12
-5a
Convert -10b56 (base 12) to base 7.
-122160
Convert 9da (base 14) to base 10.
1956
Convert -59045 (base 10) to base 3.
-2222222212
Convert 53114 (base 7) to base 2.
11001100100110
What is -2031 (base 5) in base 4?
-10022
Convert 1000202 (base 5) to base 10.
15677
What is 3221 (base 6) in base 7?
2065
Convert 1061 (base 9) to base 8.
1420
Convert 30966 (base 10) to base 2.
111100011110110
100201 (base 6) to base 15
24d4
Convert -12371 (base 12) to base 7.
-132016
Convert -1260 (base 10) to base 6.
-5500
What is -1bcc (base 13) in base 9?
-5713
Convert 44340 (base 5) to base 15.
db5
-2055 (base 8) to base 15
-4b4
Convert 2a8 (base 15) to base 4.
21200
What is 12620 (base 8) in base 7?
22044
What is 24357 (base 8) in base 3?
112101010
What is -1123 (base 8) in base 16?
-253
What is -5b24 (base 14) in base 2?
-11111000100100
What is -9333 (base 13) in base 5?
-1122242
Convert 606 (base 9) to base 7.
1302
What is 43314 (base 6) in base 7?
23230
137 (base 13) to base 8
327
-14057 (base 9) to base 8
-22471
-661 (base 8) to base 4
-12301
What is -13377 (base 15) in base 16?
-f061
Convert -2121 (base 13) to base 7.
-16245
Convert 1e83 (base 16) to base 4.
1322003
Convert 12130 (base 7) to base 5.
100112
What is -16 (base 15) in base 7?
-30
Convert 130330 (base 5) to base 11.
3908
Convert 3434 (base 6) to base 15.
394
What is 124055 (base 6) in base 10?
11267
-10010111010 (base 2) to base 8
-2272
Convert -1020000110 (base 3) to base 5.
-1232234
Convert -121111 (base 3) to base 5.
-3240
What is -4123 (base 6) in base 14?
-495
What is ee6 (base 16) in base 3?
12020021
Convert -4470 (base 9) to base 16.
-ce7
386b (base 12) to base 9
8722
Convert 3729 (base 10) to base 6.
25133
Convert -11c2 (base 16) to base 9.
-6211
Convert -a764 (base 12) to base 7.
-104353
1cc (base 14) to base 5
3001
102000 (base 3) to base 11
250
Convert 202101 (base 3) to base 5.
4200
What is 1302 (base 6) in base 13?
1